Let g(m) = -27*m - 111. Determine g(5).
-246
Let w(k) = -104*k + 2275. Determine w(22).
-13
Let z(f) = -f**3 + 21*f**2 - 39*f + 17. Determine z(19).
-2
Let p(u) = -u**3 + 11*u**2 + 5*u - 75. Determine p(11).
-20
Let v(b) = -b**3 - 29*b**2 + 44*b + 151. What is v(-30)?
-269
Let k(f) = 173*f - 5699. Calculate k(33).
10
Let u(b) = -b**3 - 108*b**2 + 453*b + 535. Calculate u(-112).
-25
Let b(v) = -733*v + 2936. Calculate b(4).
4
Let z(l) = 6119*l - 48967. What is z(8)?
-15
Let w(y) = -40*y - 2893. Determine w(-72).
-13
Let b(t) = -t**2 + 19*t + 23. Calculate b(22).
-43
Let r(g) = -g**3 - 12*g**2 - 44*g - 137. Give r(-9).
16
Let f(x) = 101*x + 5176. Give f(-51).
25
Let s(g) = -g**3 - 58*g**2 - 74*g - 927. Determine s(-57).
42
Let k(y) = 62*y + 1280. What is k(-21)?
-22
Let d(p) = p**2 - 15*p + 30. What is d(13)?
4
Let m(l) = 33*l - 931. Calculate m(27).
-40
Let a(l) = l**2 - 32*l - 423. Calculate a(42).
-3
Let f(j) = 94*j - 852. Give f(9).
-6
Let i(x) = -x**3 - 19*x**2 - 22*x - 119. Calculate i(-10).
-799
Let v(c) = 8*c**2 + 12*c + 95. Determine v(-6).
311
Let t(z) = -z**3 + 93*z**2 - 76*z - 1010. Determine t(92).
462
Let q(s) = -89*s**2 - 1867*s - 27. Give q(-21).
-69
Let k(d) = 3*d**3 - 50*d**2 + 84*d - 36. What is k(15)?
99
Let l(h) = 9*h**2 + 20*h - 22. Give l(-3).
-1
Let y(t) = -303*t + 64. Calculate y(-1).
367
Let n(c) = c**3 - 48*c**2 + 459*c - 24881. Give n(49).
11
Let g(v) = 26*v + 125. Calculate g(-13).
-213
Let d(m) = -m**3 + 21*m**2 - 40*m + 56. What is d(19)?
18
Let f(s) = -s**3 + 5*s**2 + 64*s + 31. Calculate f(11).
9
Let s(a) = 2*a**2 - 21*a + 100. Determine s(15).
235
Let x(k) = -30*k**2 - 299*k + 1. Give x(-10).
-9
Let r(s) = -s**3 - 5*s**2 + 103*s + 26. Determine r(8).
18
Let k(b) = -34*b**3 - 1795*b**2 + 373*b + 115. What is k(-53)?
9
Let h(y) = -17*y + 51. Calculate h(-3).
102
Let f(z) = -3*z**2 - 101*z - 163. Calculate f(-31).
85
Let z(q) = -5839*q - 5802. Give z(-1).
37
Let v(g) = 34*g - 62. Determine v(-5).
-232
Let x(v) = 65*v - 115. Calculate x(3).
80
Let w(t) = -t**2 + 41*t + 369. What is w(48)?
33
Let s(m) = -2195*m + 32944. What is s(15)?
19
Let p(r) = 3*r**2 + 144*r + 155. What is p(-47)?
14
Let v(s) = 15*s + 1135. Determine v(-76).
-5
Let k(h) = 20*h - 367. Give k(12).
-127
Let v(m) = 2*m**2 - 20*m + 43. Calculate v(12).
91
Let y(u) = 92*u + 1733. What is y(-19)?
-15
Let q(l) = -4*l**3 + 176*l**2 + 4*l - 150. What is q(44)?
26
Let p(w) = -w**3 + 2*w**2 + 82*w + 52. Determine p(12).
-404
Let v(s) = 2*s**3 + 18*s**2 - 4*s - 53. What is v(-9)?
-17
Let c(r) = 89*r + 538. Determine c(-11).
-441
Let q(l) = l**3 + 15*l**2 + 47*l + 29. Give q(-11).
-4
Let d(a) = a**3 - 11*a**2 - 59*a + 517. Determine d(7).
-92
Let m(h) = -h**2 + 11*h - 25. Give m(7).
3
Let i(b) = b**2 + 4*b - 94. Give i(7).
-17
Let b(g) = 207*g - 256. What is b(2)?
158
Let t(j) = -150*j - 341. Determine t(-2).
-41
Let r(n) = -2*n**3 + 11*n**2 - 24*n - 19. Calculate r(6).
-199
Let c(z) = -z**2 + 101*z + 105. Give c(102).
3
Let k(m) = 18*m**2 + 43*m - 24. What is k(-3)?
9
Let n(m) = 20*m**2 + 102*m - 100. Give n(-6).
8
Let k(l) = 2*l**3 + 23*l**2 - 22*l + 21. What is k(-12)?
141
Let j(o) = 141*o - 803. What is j(6)?
43
Let r(d) = -50*d + 165. Determine r(5).
-85
Let c(i) = -i**2 - 145*i - 899. Determine c(-7).
67
Let i(y) = 94*y - 6. What is i(0)?
-6
Let d(z) = z**3 - 89*z**2 + 104*z - 1395. Determine d(88).
13
Let o(c) = -c**2 - 2275*c - 9056. Calculate o(-4).
28
Let b(u) = -u**3 - u**2 + 12*u - 7. Calculate b(6).
-187
Let g(h) = 129*h - 35203. Give g(273).
14
Let m(t) = 70*t**3 + 422*t**2 + 13*t - 8. Calculate m(-6).
-14
Let f(d) = -d**3 - 129*d**2 + 245*d - 2228. What is f(-131)?
-1
Let j(u) = u**3 + 9*u**2 - 143*u - 19. Give j(8).
-75
Let h(v) = 2*v**3 + 13*v**2 + 383*v + 1843. What is h(-5)?
3
Let i(y) = 43*y - 5111. Give i(119).
6
Let m(f) = 3*f**2 - 258*f - 512. What is m(-2)?
16
Let p(h) = -h**3 - 3*h**2 + 238*h + 9. Calculate p(-17).
9
Let b(q) = 534*q - 39511. Determine b(74).
5
Let c(m) = m**2 - 7*m + 1. What is c(-10)?
171
Let a(y) = -3*y**2 - 268*y - 312. Determine a(-88).
40
Let l(z) = z**3 - 26*z**2 + 161*z + 8. What is l(16)?
24
Let c(m) = m**3 - 20*m**2 + 5*m + 271. Calculate c(19).
5
Let j(s) = 2*s**2 - 1189*s + 2375. What is j(2)?
5
Let t(g) = 110*g + 9895. Calculate t(-90).
-5
Let c(y) = 134*y + 7372. Give c(-55).
2
Let b(h) = -h**2 - 96*h - 1038. Give b(-12).
-30
Let x(l) = -5*l**3 + 31*l**2 + 3*l - 51. What is x(6)?
3
Let x(a) = 2*a**2 + 525*a + 11867. Determine x(-25).
-8
Let l(o) = -8*o**2 - 99*o + 78. Determine l(-13).
13
Let y(l) = 397*l - 397. Give y(1).
0
Let c(h) = -h**2 - 287*h - 16937. Calculate c(-204).
-5
Let d(o) = -2*o**2 + 41*o + 45. What is d(21)?
24
Let d(b) = -45*b + 1428. Determine d(39).
-327
Let h(p) = 2*p**3 + 31*p**2 + 33*p + 41. Calculate h(-15).
-229
Let u(n) = -185*n**3 - n**2 + n + 1. Determine u(-1).
184
Let f(p) = -112*p - 17. Calculate f(-1).
95
Let n(h) = 2*h**2 + 223*h - 2067. Give n(-120).
-27
Let i(t) = 66*t - 902. Give i(18).
286
Let p(t) = t**2 + 79*t - 11090. Calculate p(-152).
6
Let p(h) = -h**3 - 44*h**2 - 37*h + 253. Give p(-43).
-5
Let t(h) = -8*h**3 - 53*h**2 + 13*h - 56. Calculate t(-7).
0
Let n(i) = -664*i + 679. What is n(1)?
15
Let i(u) = -23*u**3 + 17*u + 29. Determine i(-2).
179
Let k(o) = -102*o - 354. What is k(-4)?
54
Let b(s) = -s**2 + 170*s + 878. Give b(-5).
3
Let j(b) = -2*b**3 - 5*b**2 - 12*b - 97. Calculate j(-4).
-1
Let d(c) = -14*c - 39. Give d(31).
-473
Let v(y) = 2*y**3 - 15*y**2 + 27*y - 137. Calculate v(7).
3
Let o(q) = -2*q**2 + 99*q - 65. Calculate o(49).
-16
Let t(x) = -3*x**2 + 26*x + 4661. What is t(-36)?
-163
Let b(p) = p**3 - 18*p**2 + 6*p + 235. Calculate b(17).
48
Let r(h) = 2*h**2 - 72*h + 566. Determine r(24).
-10
Let s(z) = -9*z**2 - 91*z - 362. Calculate s(-5).
-132
Let j(p) = 64*p - 164. What is j(3)?
28
Let h(x) = 88*x - 3293. Determine h(44).
579
Let f(g) = -g**3 + 171*g**2 + 1044*g + 3191. Calculate f(177).
5
Let y(q) = -5*q**2 + 185*q - 8. Calculate y(37).
-8
Let i(b) = 1459*b - 2542. Give i(2).
376
Let i(l) = 2*l**3 + 87*l**2 - 44*l - 21. What is i(-44)?
-21
Let l(t) = t**3 - 31*t**2 - 155*t + 3002. Determine l(33).
65
Let m(z) = 16*z**3 - 3*z**2 - 5*z. Calculate m(-2).
-130
Let h(g) = -g**2 + 186*g - 6435. Calculate h(140).
5
Let i(u) = -29*u + 1769. Calculate i(61).
0
Let j(f) = 50*f**2 + 7*f + 1. Give j(3).
472
Let n(p) = 202*p - 180. What is n(3)?
426
Let p(w) = -5*w**2 + 209*w + 1119. What is p(-5)?
-51
Let x(c) = 84*c - 459. Calculate x(6).
45
Let u(x) = -x**3 - 16*x**2 - 3*x + 12. Determine u(-1).
0
Let x(c) = 28*c + 237. Calculate x(-10).
-43
Let d(q) = q**3 - 3*q**2 - 31*q - 33. What is d(-2)?
9
Let s(a) = -2*a**2 + 22*a + 55. Determine s(24).
-569
Let d(p) = -p**3 - 4*p**2 - 873*p - 6258. Determine d(-7).
0
Let b(a) = -80*a - 41. What is b(2)?
-201
Let s(f) = f**2 - 2. Calculate s(-1).
-1
Let r(w) = w**3 - 11*w**2 - 85*w + 49. Calculate r(16).
-31
Let f(h) = h**3 - 5*h**2 + 10. Calculate f(0).
10
Let a(p) = 234*p - 59207. Give a(253).
-5
Let i(r) = -2*r**3 - 34*r**2 + 64*r - 231. Give i(-19).
-3
Let b(a) = 3*a**3 - 861*a**2 - 14*a + 4026. Determine b(287).
8
Let q(u) = -u**3 + 6*u**2 - 58*u + 1241. Calculate q(11).
-2
Let f(i) = -450*i**2 + 3149*i + 6. Calculate f(7).
-1
Let v(y) = 86*y**2 - 176*y + 5. Calculate v(2).
-3
Let u(t) = -t**3 + 11*t**2 - 14*t + 41. What is u(10)?
1
Let b(i) = -47*i + 503. Give b(10).
33
Let g(n) = 73*n + 797. Give g(-9).
140
Let a(w) = w**2 - 26*w - 43. Determine a(27).
-16
Let h(z) = -636*z - 3182. Give h(-5).
-2
Let i(s) = -s**2 + s + 6. Calculate i(9).
-66
Let f(q) = q**3 - 10*q**2 - 27*q - 14. Give f(12).
-50
Let u(j) = j**2 + 298*j - 10921. What is u(33)?
2
Let a(k) = -23*k**3 - 2*k**2 + 10*k - 7. Give a(2).
-179
Let t(f) = -1263*f + 70723. Calculate t(56).
-5
Let q(n) = n**3 - 20*n**2 - 46*n + 40. Give q(22).
-4
Let r(k) = 72*k + 5318. Calculate r(-72).
134
Let z(j) = -j**3 + 19*j**2 + 19*j - 65. Determine z(20).
-85
Let b(f) = -18*f - 149. Calculate b(-4).
-77
Let q(i) = -i**2 + 53*i - 124. What is q(50)?
26
Let z(t) = -6*t**2 + 17*t + 114. Give z(-5).
-121
Let y(z) = 7*z - 203. Determine y(27).
-14
Let c(f) = -3828*f - 38288. Determine c(-10).
-8
Let q(l) = 4*l**3 + 19*l**2 + 61*l - 11. Determine q(-4).
-207
L